 s(w) = 4*w**2 - 6954*w - 13916. Give s(-2).
8
Let y(u) = 22*u**2 - 71*u - 662. Give y(-3).
-251
Let k(v) = -87*v**3 - 5*v**2 - 40*v - 108. Calculate k(-3).
2316
Let s(w) = 93*w - 375. What is s(13)?
834
Let w(b) = b**2 + 1328*b + 22804. Determine w(-17).
517
Let b(s) = 7171*s - 3958392. Determine b(552).
0
Let h(k) = 1937*k - 201455. Determine h(104).
-7
Let l(b) = -117*b**2 - 1190*b + 37. Calculate l(-10).
237
Let k(n) = -471*n - 163004. What is k(-346)?
-38
Let i(l) = -2780*l - 44566. Determine i(-16).
-86
Let b(r) = 43*r + 2379. What is b(-92)?
-1577
Let m(o) = -39*o**3 + 3*o**2 + 389*o + 391. What is m(-1)?
44
Let o(j) = 41*j - 4718. Give o(118).
120
Let n(p) = -1530*p**2 + 18374*p + 4. Determine n(12).
172
Let r(i) = -13*i**2 - 215*i + 1917. Determine r(-23).
-15
Let n(q) = 3292*q + 790111. Determine n(-240).
31
Let k(l) = 28*l**2 + 70*l - 402. Give k(6).
1026
Let i(c) = c**3 - 25*c**2 - 18*c - 3011. Give i(29).
-169
Let q(j) = -7*j**2 + 2291*j + 33455. What is q(-14)?
9
Let j(u) = -3*u**2 - 87*u + 1130. Determine j(-38).
104
Let c(i) = 915*i - 9027. Determine c(10).
123
Let c(u) = 128*u - 14176. What is c(108)?
-352
Let v(t) = 13*t**3 - 2043*t**2 + 316*t - 317. Calculate v(157).
-3
Let z(x) = -x**3 - 43*x**2 + 389*x + 4653. What is z(-49)?
-2
Let f(r) = 530*r**2 + 1823*r + 1525. Give f(-2).
-1
Let g(a) = 2331*a - 58377. What is g(25)?
-102
Let p(g) = -1133*g - 84673. Calculate p(-77).
2568
Let c(i) = -4*i**3 + 24*i**2 - 11*i + 31. What is c(10)?
-1679
Let f(p) = -23317*p + 93369. What is f(4)?
101
Let i(w) = -277*w**2 - 18839*w - 98. Give i(-68).
106
Let d(n) = -3*n**2 + 301*n + 908. Give d(-3).
-22
Let q(a) = -8*a**3 - a**2 + 174*a + 350. Determine q(-2).
62
Let h(f) = f**2 - 2314*f + 86508. What is h(38)?
20
Let r(o) = 2805*o + 218788. Give r(-78).
-2
Let y(r) = -361633*r - 1446532. Calculate y(-4).
0
Let a(j) = -197*j + 1866. Calculate a(5).
881
Let s(j) = j**3 - 14*j**2 + 56*j - 78. What is s(7)?
-29
Let u(i) = -3*i**3 + 359*i**2 + 117*i - 945. Determine u(120).
-1305
Let d(j) = 927*j - 3789. Give d(4).
-81
Let b(x) = -25*x**3 + 109*x**2 + 135*x - 258. Give b(5).
17
Let f(o) = -6*o**2 + 489*o + 74000. Give f(159).
65
Let o(p) = 8*p**2 + 436*p - 3828. Determine o(-62).
-108
Let i(r) = 2*r**2 - 3045*r - 18321. Give i(-6).
21
Let t(g) = -1161*g - 8302. Give t(-7).
-175
Let z(b) = -b**2 - 175371*b - 701466. Give z(-4).
2
Let l(j) = 879*j - 16100. Determine l(19).
601
Let r(n) = -6051*n - 211741. Give r(-35).
44
Let b(m) = -180296*m + 3966494. Calculate b(22).
-18
Let y(x) = 2279*x + 31886. Calculate y(-14).
-20
Let x(i) = -i**2 + 14502*i + 596259. Give x(-41).
-4
Let o(n) = -485665*n - 44195513. Determine o(-91).
2
Let w(m) = 90*m + 17184. What is w(-191)?
-6
Let v(l) = -1824*l**2 - 173275*l + 478. Give v(-95).
3
Let b(r) = r**3 - 130*r**2 - 2485*r + 238. Determine b(-17).
0
Let y(m) = -m**3 - 27*m**2 - 203*m + 29. Give y(-24).
3173
Let d(o) = -569*o - 2580. What is d(-7)?
1403
Let a(b) = -12*b**2 + 2652*b - 7. Determine a(221).
-7
Let q(j) = -j**3 - 20*j**2 - 72*j + 86. Give q(-10).
-194
Let w(v) = -45258*v - 1086189. Determine w(-24).
3
Let d(v) = -v**3 - 28*v**2 + 4709*v + 358. Give d(-84).
-62
Let g(z) = 690*z + 305645. Give g(-443).
-25
Let y(d) = 7955*d + 978418. What is y(-123)?
-47
Let x(v) = 33*v**3 - 6*v**2 + v + 34. Determine x(-3).
-914
Let v(n) = n**2 + 50521*n - 151571. What is v(3)?
1
Let f(l) = -l**2 + 1144*l + 27522. Determine f(-23).
681
Let q(b) = 2*b**3 - 7*b**2 - 272*b + 1155. Calculate q(4).
83
Let p(j) = 2579*j + 121222. Give p(-47).
9
Let q(r) = 1131*r + 11191. Give q(-10).
-119
Let b(r) = 3*r**3 - 44*r**2 - 797*r + 5108. What is b(23)?
2
Let n(c) = 21538*c - 129142. Calculate n(6).
86
Let h(a) = -32*a**2 + 648*a + 2533. Give h(-5).
-1507
Let d(o) = -27*o**2 - 2084*o - 114. Calculate d(-76).
2318
Let t(k) = -208*k + 3021. Calculate t(17).
-515
Let b(g) = -2709212*g + 27092117. Give b(10).
-3
Let n(u) = -81*u**3 + 1863*u**2 + 5*u + 72. What is n(23)?
187
Let n(r) = -2*r**2 + 7021*r + 515815. Determine n(-72).
-65
Let b(x) = -902*x - 1102. Calculate b(-5).
3408
Let u(w) = -38*w**2 - 344*w + 9594. Give u(12).
-6
Let b(f) = -8706*f - 330603. Give b(-38).
225
Let g(x) = 15*x**3 - 195*x**2 - 22*x + 65. Give g(13).
-221
Let a(s) = -1127*s**2 - 120587*s + 209. Give a(-107).
-5
Let r(k) = 21087*k - 190640. What is r(9)?
-857
Let w(j) = -j**3 + 59*j**2 - 579*j - 7253. Determine w(26).
1
Let b(n) = -2119*n + 12172. Determine b(8).
-4780
Let n(m) = -164*m + 7723. Give n(46).
179
Let t(u) = -4*u**3 + 129*u**2 + 395*u - 17052. Determine t(31).
-2
Let m(s) = -s**3 - 138*s**2 - 1642*s - 925. Calculate m(-125).
1200
Let c(a) = -33*a + 2341. Calculate c(53).
592
Let g(a) = -345*a - 24277. What is g(-58)?
-4267
Let y(z) = -z**2 + 960*z + 24607. Give y(-25).
-18
Let y(a) = -13*a**3 - 2*a**2 - 117*a - 530. Give y(-5).
1630
Let j(c) = -c**2 - 94*c + 2884. Give j(-112).
868
Let i(r) = 3*r**3 - 85*r**2 - 87*r + 28. Calculate i(29).
-813
Let v(y) = 13*y**2 + 2158*y - 22947. Calculate v(10).
-67
Let f(t) = -9*t**2 + 399*t + 15322. What is f(69)?
4
Let a(l) = -l**3 + 252*l**2 - 9470*l - 1236. Determine a(206).
0
Let n(w) = 15788*w - 205246. Calculate n(13).
-2
Let m(p) = -2*p**2 + 261*p + 2914. Determine m(144).
-974
Let b(i) = 2969*i + 183758. What is b(-62)?
-320
Let k(w) = 44*w**2 + 50140*w + 27280. Give k(-1139).
-56
Let d(j) = 34*j**2 - 381*j - 1908. Give d(15).
27
Let l(f) = 11*f**2 - 1508*f - 16598. Determine l(-11).
1321
Let u(p) = -2749031*p - 2749033. Determine u(-1).
-2
Let k(v) = -v**2 - 173*v - 7397. Calculate k(-96).
-5
Let h(d) = -d**2 + 930*d + 20009. Determine h(-21).
38
Let j(p) = -851*p + 38277. What is j(45)?
-18
Let q(y) = -11*y**3 + 944*y**2 + 180*y - 666. Calculate q(86).
22
Let g(w) = w**3 - 8*w**2 - 37*w + 229. Determine g(4).
17
Let o(x) = -2*x**2 + 2707*x + 40314. Determine o(-15).
-741
Let b(k) = 25*k**2 - 50*k + 416. Give b(6).
1016
Let v(x) = -624*x - 26769. Determine v(-43).
63
Let h(m) = -m**2 - 1268*m + 17916. Determine h(14).
-32
Let t(k) = -4*k**3 + 583*k**2 - 443*k + 1173. Calculate t(145).
13
Let h(d) = 4*d**3 + 500*d**2 + 1937*d + 121. Give h(-121).
0
Let r(w) = -122639*w + 2084854. Give r(17).
-9
Let f(a) = 1860*a - 32831. Determine f(18).
649
Let n(q) = -10*q**2 - 3091*q - 4278. Give n(-308).
-890
Let d(v) = -v**2 - 14555*v + 160088. Calculate d(11).
-138
Let y(r) = 7237*r - 9429795. Determine y(1303).
16
Let s(q) = 2*q**3 + 437*q**2 - 235*q - 4439. Calculate s(-219).
-935
Let c(b) = -6*b**2 - 348*b + 827. Calculate c(-56).
1499
Let o(t) = 221*t + 30555. Give o(-138).
57
Let b(d) = 11*d**2 + 307*d + 1971. Calculate b(-10).
1
Let r(y) = 353*y + 1572. Give r(-4).
160
Let z(u) = -44*u**3 - 3355*u**2 - 841*u - 47. Calculate z(-76).
333
Let m(l) = l**3 - 92*l**2 - 579*l + 9259. Calculate m(97).
141
Let n(b) = 1075*b - 9286. Give n(9).
389
Let z(x) = -150*x + 3709. Give z(25).
-41
Let v(b) = -16*b**2 + 2970*b - 107123. Determine v(49).
-9
Let j(d) = -195*d - 17722. Determine j(-93).
413
Let u(c) = c**3 - 19*c**2 + 2*c + 882. Give u(10).
2
Let q(l) = l**2 - 2578*l - 25942. Give q(-10).
-62
Let o(a) = -a**3 + 27*a**2 + 212*a - 563. Determine o(-8).
-19
Let h(c) = -151*c + 10690. Determine h(60).
1630
Let p(v) = -4*v**3 - 12*v**2 + 17*v + 17. Calculate p(-6).
347
Let q(j) = -2*j**3 - 131*j**2 + 69*j + 49. What is q(-66)?
-149
Let j(k) = k**3 + 185*k**2 - 723*k - 4. What is j(4)?
128
Let n(v) = -9*v**2 + 966*v + 17652. Determine n(-16).
-108
Let l(g) = 1025*g - 5501. Give l(6).
649
Let l(p) = 26*p**2 + 6373*p - 11978. What is l(-247)?
125
Let v(k) = 39*k**2 - 372*k - 105. What is v(10)?
75
Let f(h) = h**2 - 2*h - 1577. What is f(-63)?
2518
Let s(l) = -2*l**3 - 38*l**2 + 430*l + 17. What is s(-27)?
71
Let n(s) = 337*s**2 - 1302*s + 3919. Calculate n(3).
3046
Let o(w) = -119852*w - 5153582. Calculate o(-43).
54
Let f(u) = u**2 + 4720*u - 907414. Give f(185).
11
Let y(j) = 2970*j - 16415. Calculate y(6).
1405
Let n(r) = 51*r + 3324. Calculate n(-36).
1488
Let h(w) = -12*w**3 + 110*w**2 - 26*w + 58. What is h(9)?
-14
Let o(z) = 9*z**3 + 15*z**2 + 347*z + 2276. Give o(-7).
-2505
Let t(q) = 3*q**3 + 233*q**2 - 582*q - 39305. Calculate t(-78).
7
Let t(b) = 23*b**3 + 39*b**2 - 12*b - 23. Give t(-2).
-27
Let n(u) 